{"id":885,"date":"2018-12-05T18:49:22","date_gmt":"2018-12-05T17:49:22","guid":{"rendered":"http:\/\/www.knbo.il.pw.edu.pl\/?page_id=885"},"modified":"2018-12-05T18:52:02","modified_gmt":"2018-12-05T17:52:02","slug":"operacja-rewitalizacja","status":"publish","type":"page","link":"https:\/\/www.knbo.il.pw.edu.pl\/?page_id=885","title":{"rendered":"Operacja Rewitalizacja"},"content":{"rendered":"<h1 style=\"text-align: center;\"><span style=\"color: #000000;\"><em><strong>Operacja Rewitalizacja<\/strong><\/em><\/span><\/h1>\n<p style=\"text-align: center;\"><span style=\"color: #000000;\"><strong><em>Rewitalizacja obiekt\u00f3w zabytkowych z punktu widzenia in\u017cyniera budownictwa?<\/em><\/strong><\/span><\/p>\n<p style=\"text-align: center;\"><span style=\"color: #000000;\"> Wiele os\u00f3b\u00a0<\/span><span style=\"color: #000000;\">zadaje sobie to pytanie i nie zawsze jest w stanie na nie odpowiedzie\u0107 jednym zdaniem. My poprzez<\/span><br \/>\n<span style=\"color: #000000;\">projekt \u201eOperacja rewitalizacja\u201d chcieliby\u015bmy przybli\u017cy\u0107 ten temat, szczeg\u00f3lnie studentom (przysz\u0142ym\u00a0<\/span><span style=\"color: #000000;\">in\u017cynierom kierunk\u00f3w zwi\u0105zanych z budownictwem) poprzez praktyczne prowadzenie bada\u0144\u00a0<\/span><span style=\"color: #000000;\">naukowych, organizacj\u0119 r\u00f3\u017cnego rodzaju szkole\u0144 i prelekcji, sporz\u0105dzanie kompletnej dokumentacji\u00a0<\/span><span style=\"color: #000000;\">potrzebnej do zrewitalizowania obiektu. Przy tym chcieliby\u015bmy podj\u0105\u0107 wsp\u00f3\u0142prac\u0119 ze studentami\u00a0<\/span><span style=\"color: #000000;\">wydzia\u0142\u00f3w architektury, technologii drewna, archeologii, geologii.<br \/>\n<\/span><\/p>\n<p style=\"text-align: center;\"><strong><span style=\"color: #000000;\">Uczestnicy projektu:<\/span><\/strong><br \/>\n<span style=\"color: #000000;\">Uczestnicy projektu zostaj\u0105 wy\u0142onieni spo\u015br\u00f3d otwartej dla ka\u017cdego studenta procesie rekrutacji.<\/span><\/p>\n<p style=\"text-align: center;\"><strong>Warunek uczestnictwa w projekcie:<\/strong><br \/>\n<span style=\"color: #000000;\">Warunkiem uczestnictwa w projekcie s\u0105 odpowiedzi student\u00f3w na zadane w formularzu pytania rekrutacyjne.<\/span><\/p>\n<p style=\"text-align: center;\"><strong><span style=\"color: #000000;\">Program projektu:<\/span><\/strong><br \/>\n<span style=\"color: #000000;\">Autorzy najlepiej wype\u0142nionych wed\u0142ug komisji formularzy b\u0119d\u0105 zakwalifikowani do udzia\u0142u w projekcie,<\/span><br \/>\n<span style=\"color: #000000;\">kt\u00f3ry obejmowa\u0142 b\u0119dzie:<\/span><br \/>\n<span style=\"color: #000000;\">&#x27a1;praktyczne badania naukowe zwi\u0105zane bezpo\u015brednio z pracami rewitalizacyjnymi w zabytkowych\u00a0<\/span><span style=\"color: #000000;\">obiektach budowlanych (po\u0142\u0105czone z kilkudniowym wyjazdem do zabytkowego obiektu, je\u015bli jest poza\u00a0<\/span><span style=\"color: #000000;\">granicami Warszawy),<\/span><br \/>\n<span style=\"color: #000000;\">&#x27a1;spotkania i panele dyskusyjne ze specjalistami zaanga\u017cowanymi w proces rewitalizacji obiekt\u00f3w<\/span><br \/>\n<span style=\"color: #000000;\">zabytkowych,<\/span><br \/>\n<span style=\"color: #000000;\">&#x27a1;\u00a0warsztaty, szkolenia, wyk\u0142ady z konkretnych dziedzin zwi\u0105zanych z rewitalizacj\u0105 obiekt\u00f3w ( wst\u0119p wolny<\/span><br \/>\n<span style=\"color: #000000;\">dla wszystkich student\u00f3w, po wcze\u015bniejszym potwierdzeniu obecno\u015bci),<\/span><br \/>\n<span style=\"color: #000000;\">&#x27a1;\u00a0wykonywanie w zespo\u0142ach dokumentacji rewitalizacyjnej obiektu, sporz\u0105dzanie opinii rewitalizacyjnych.<\/span><\/p>\n<p style=\"text-align: center;\"><strong><span style=\"color: #000000;\">Korzy\u015bci dla uczestnik\u00f3w projektu:<\/span><\/strong><br \/>\n<span style=\"color: #000000;\">Dzi\u0119ki uczestnictwu w projekcie studenci zwi\u0105zani z dziedzin\u0105 budownictwa, kt\u00f3rzy w przysz\u0142o\u015bci planuj\u0105 swoj\u0105<\/span><br \/>\n<span style=\"color: #000000;\">dzia\u0142alno\u015b\u0107 w dziedzinie rewitalizacji obiekt\u00f3w zabytkowych b\u0119d\u0105 mieli unikatow\u0105 okazj\u0119, a\u017ceby pozna\u0107 ten temat<br \/>\n<\/span><span style=\"color: #000000;\">od strony kulis\u00f3w. Poprzez uczestnictwo w organizowanych wycieczkach naukowo badawczych , prowadzenie\u00a0<\/span><span style=\"color: #000000;\">bada\u0144, pobieranie pr\u00f3bek, wykonywanie dokumentacji praktycznej, zdob\u0119d\u0105 komplet\u0105 wiedz\u0119 przygotowuj\u0105c\u0105\u00a0<\/span><span style=\"color: #000000;\">do przysz\u0142ej pracy zawodowej z zakresu odnawiania obiekt\u00f3w. Dodatkowo rozmowy, dyskusje z fachowcami,\u00a0<\/span><span style=\"color: #000000;\">przeprowadzane szkolenia i prelekcje pog\u0142\u0119bi\u0105 wiedz\u0119 zainteresowanych projektem. Warto te\u017c wspomnie\u0107, \u017ce\u00a0<\/span><span style=\"color: #000000;\">b\u0119dzie to wspania\u0142a okazja do nawi\u0105zania ciekawych znajomo\u015bci, rozm\u00f3w i sp\u0119dzania czasu w mi\u0142ym gronie<\/span><span style=\"color: #000000;\">.<\/span><\/p>\n<p style=\"text-align: center;\"><strong><span style=\"color: #000000;\">Cele:<\/span><\/strong><br \/>\n<span style=\"color: #000000;\">Projekt ma na celu wspieranie i rozw\u00f3j naukowy student\u00f3w w zakresie rewitalizacji obiekt\u00f3w\u00a0<\/span><span style=\"color: #000000;\">zabytkowych poprzez wdra\u017canie nowoczesnych technologii, sposob\u00f3w badawczych i wy\u017cej wymienionych\u00a0<\/span><span style=\"color: #000000;\">dzia\u0142a\u0144. Poprzez spotkania, dyskusj\u0119, wsp\u00f3ln\u0105 prac\u0119 z fachowcami z r\u00f3\u017cnych bran\u017c przybli\u017cenie studentom jak\u00a0<\/span><span style=\"color: #000000;\">wa\u017cna jest wsp\u00f3\u0142praca z innymi dziedzinami w zawodzie in\u017cyniera budownictwa. W czasie prowadzenia\u00a0<\/span><span style=\"color: #000000;\">projekt\u00f3w planujemy wydawanie publikacji naukowych pod kierownictwem pracownik\u00f3w naukowych Wydzia\u0142u\u00a0<\/span><span style=\"color: #000000;\">In\u017cynierii L\u0105dowej. B\u0119dzie on dobr\u0105 inspiracj\u0105\u00a0 do przysz\u0142ych prac dyplomowych.<\/span><\/p>\n<p style=\"text-align: center;\"><strong>Koordynator projektu:<\/strong><br \/>\nMicha\u0142 Salamonowicz<\/p>\n","protected":false},"excerpt":{"rendered":"<p>Operacja Rewitalizacja Rewitalizacja obiekt\u00f3w zabytkowych z punktu widzenia in\u017cyniera budownictwa? Wiele os\u00f3b\u00a0zadaje sobie to pytanie i nie zawsze jest w stanie na nie odpowiedzie\u0107 jednym zdaniem. My poprzez projekt \u201eOperacja rewitalizacja\u201d chcieliby\u015bmy przybli\u017cy\u0107 ten temat, szczeg\u00f3lnie studentom (przysz\u0142ym\u00a0in\u017cynierom kierunk\u00f3w zwi\u0105zanych z budownictwem) poprzez praktyczne prowadzenie bada\u0144\u00a0naukowych, organizacj\u0119 r\u00f3\u017cnego rodzaju szkole\u0144 i prelekcji, sporz\u0105dzanie kompletnej dokumentacji\u00a0potrzebnej <a href=\"https:\/\/www.knbo.il.pw.edu.pl\/?page_id=885\"> read more <span class=\"meta-nav\">&raquo;<\/span><\/a><\/p>\n","protected":false},"author":1,"featured_media":0,"parent":0,"menu_order":0,"comment_status":"closed","ping_status":"closed","template":"","meta":{"footnotes":""},"_links":{"self":[{"href":"https:\/\/www.knbo.il.pw.edu.pl\/index.php?rest_route=\/wp\/v2\/pages\/885"}],"collection":[{"href":"https:\/\/www.knbo.il.pw.edu.pl\/index.php?rest_route=\/wp\/v2\/pages"}],"about":[{"href":"https:\/\/www.knbo.il.pw.edu.pl\/index.php?rest_route=\/wp\/v2\/types\/page"}],"author":[{"embeddable":true,"href":"https:\/\/www.knbo.il.pw.edu.pl\/index.php?rest_route=\/wp\/v2\/users\/1"}],"replies":[{"embeddable":true,"href":"https:\/\/www.knbo.il.pw.edu.pl\/index.php?rest_route=%2Fwp%2Fv2%2Fcomments&post=885"}],"version-history":[{"count":2,"href":"https:\/\/www.knbo.il.pw.edu.pl\/index.php?rest_route=\/wp\/v2\/pages\/885\/revisions"}],"predecessor-version":[{"id":891,"href":"https:\/\/www.knbo.il.pw.edu.pl\/index.php?rest_route=\/wp\/v2\/pages\/885\/revisions\/891"}],"wp:attachment":[{"href":"https:\/\/www.knbo.il.pw.edu.pl\/index.php?rest_route=%2Fwp%2Fv2%2Fmedia&parent=885"}],"curies":[{"name":"wp","href":"https:\/\/api.w.org\/{rel}","templated":true}]}}