{"id":808,"date":"2018-12-05T15:40:13","date_gmt":"2018-12-05T14:40:13","guid":{"rendered":"http:\/\/www.knbo.il.pw.edu.pl\/?page_id=808"},"modified":"2019-11-05T00:11:48","modified_gmt":"2019-11-04T23:11:48","slug":"dolacz-do-nas","status":"publish","type":"page","link":"https:\/\/www.knbo.il.pw.edu.pl\/?page_id=808","title":{"rendered":"Do\u0142\u0105cz do nas"},"content":{"rendered":"<p><img decoding=\"async\" class=\"wp-image-780 aligncenter\" src=\"http:\/\/www.knbo.il.pw.edu.pl\/wp-content\/uploads\/Rekrutacja-2019.png\"><\/p>\n<p style=\"text-align: center;\"><em>Masz ochot\u0119 zobaczy\u0107 budow\u0119 z bliska?<\/em><br \/>\n<em>Chcia\u0142by\u015b zg\u0142\u0119bi\u0107 tajniki konserwacji zabytk\u00f3w?<\/em><br \/>\n<em>Nie wystarczaj\u0105 Ci ju\u017c same studia?<\/em><\/p>\n<p style=\"text-align: center;\"><strong>Je\u015bli na kt\u00f3rekolwiek z tych pyta\u0144 odpowiedzia\u0142e\u015b <em>TAK<\/em>&#8211; mamy dla Ciebie propozycj\u0119!<br \/>\nZapisz si\u0119 do naszego Ko\u0142a.<\/strong><\/p>\n<p style=\"text-align: left;\">Je\u017celi chcia\u0142by\u015b sta\u0107 si\u0119 cz\u0119\u015bci\u0105 naszego zespo\u0142u, dzieli\u0107 si\u0119 swoimi pomys\u0142ami, organizowa\u0107 ciekawe wydarzenia lub wzi\u0105\u0107 udzia\u0142 w tych ju\u017c istniej\u0105cych:<\/p>\n<p style=\"text-align: left;\"><strong>PRZED 7.11 WYPE\u0141NIJ FORMULARZ ZG\u0141OSZENIOWY (<a href=\"https:\/\/docs.google.com\/forms\/d\/e\/1FAIpQLSeyzL8R3Ow74w9bnQKyGbj6wn0yM6R4NC_dDdPn_3somirDeg\/viewform?fbclid=IwAR39tHhoKC5Xaq226ST0sDnymXg4ZfsJKw7YsS2iYL1YI1YB7t_drj0gBMA\" target=\"_blank\" rel=\"noopener\">kliknij tutaj<\/a>).<\/strong><\/p>\n<p style=\"text-align: left;\">Zapoznaj si\u0119 te\u017c z naszym regulaminem- <a href=\"https:\/\/www.knbo.il.pw.edu.pl\/?page_id=1010\" target=\"_blank\" rel=\"noopener\">kliknij tutaj<\/a>.<\/p>\n<p style=\"text-align: left;\"><strong>Serdecznie zapraszamy!<\/strong><\/p>\n","protected":false},"excerpt":{"rendered":"<p>Masz ochot\u0119 zobaczy\u0107 budow\u0119 z bliska? Chcia\u0142by\u015b zg\u0142\u0119bi\u0107 tajniki konserwacji zabytk\u00f3w? Nie wystarczaj\u0105 Ci ju\u017c same studia? Je\u015bli na kt\u00f3rekolwiek z tych pyta\u0144 odpowiedzia\u0142e\u015b TAK&#8211; mamy dla Ciebie propozycj\u0119! Zapisz si\u0119 do naszego Ko\u0142a. Je\u017celi chcia\u0142by\u015b sta\u0107 si\u0119 cz\u0119\u015bci\u0105 naszego zespo\u0142u, dzieli\u0107 si\u0119 swoimi pomys\u0142ami, organizowa\u0107 ciekawe wydarzenia lub wzi\u0105\u0107 udzia\u0142 w tych ju\u017c istniej\u0105cych: <a href=\"https:\/\/www.knbo.il.pw.edu.pl\/?page_id=808\"> read more <span class=\"meta-nav\">&raquo;<\/span><\/a><\/p>\n","protected":false},"author":1,"featured_media":0,"parent":0,"menu_order":0,"comment_status":"closed","ping_status":"closed","template":"","meta":{"footnotes":""},"_links":{"self":[{"href":"https:\/\/www.knbo.il.pw.edu.pl\/index.php?rest_route=\/wp\/v2\/pages\/808"}],"collection":[{"href":"https:\/\/www.knbo.il.pw.edu.pl\/index.php?rest_route=\/wp\/v2\/pages"}],"about":[{"href":"https:\/\/www.knbo.il.pw.edu.pl\/index.php?rest_route=\/wp\/v2\/types\/page"}],"author":[{"embeddable":true,"href":"https:\/\/www.knbo.il.pw.edu.pl\/index.php?rest_route=\/wp\/v2\/users\/1"}],"replies":[{"embeddable":true,"href":"https:\/\/www.knbo.il.pw.edu.pl\/index.php?rest_route=%2Fwp%2Fv2%2Fcomments&post=808"}],"version-history":[{"count":6,"href":"https:\/\/www.knbo.il.pw.edu.pl\/index.php?rest_route=\/wp\/v2\/pages\/808\/revisions"}],"predecessor-version":[{"id":1042,"href":"https:\/\/www.knbo.il.pw.edu.pl\/index.php?rest_route=\/wp\/v2\/pages\/808\/revisions\/1042"}],"wp:attachment":[{"href":"https:\/\/www.knbo.il.pw.edu.pl\/index.php?rest_route=%2Fwp%2Fv2%2Fmedia&parent=808"}],"curies":[{"name":"wp","href":"https:\/\/api.w.org\/{rel}","templated":true}]}}