{"id":796,"date":"2018-12-05T15:35:55","date_gmt":"2018-12-05T14:35:55","guid":{"rendered":"http:\/\/www.knbo.il.pw.edu.pl\/?page_id=796"},"modified":"2018-12-05T17:40:02","modified_gmt":"2018-12-05T16:40:02","slug":"historia","status":"publish","type":"page","link":"https:\/\/www.knbo.il.pw.edu.pl\/?page_id=796","title":{"rendered":"Historia"},"content":{"rendered":"<p style=\"text-align: justify;\"><strong>Ko\u0142o Naukowe Budownictwa Og\u00f3lnego<\/strong> powsta\u0142o w 2007 roku i jest najwi\u0119kszym ko\u0142em naukowym na Wydziale In\u017cynierii L\u0105dowej Politechniki Warszawskiej. Dzia\u0142amy w szeroko poj\u0119tej dziedzinie budownictwa og\u00f3lnego. Naszym g\u0142\u00f3wnym celem jest umo\u017cliwienie studentom rozwijania swoich zainteresowa\u0144 oraz wykorzystania zdobytej na studiach wiedzy w praktyce poprzez uczestnictwo w licznych projektach naukowych.<\/p>\n<p><span style=\"color: #000000;\">Dzia\u0142alno\u015b\u0107 Ko\u0142a jest oparta na dw\u00f3ch g\u0142\u00f3wnych programach:<\/span><\/p>\n<ul>\n<li><span style=\"color: #000000;\"><strong>\u201eOdnawiamy histori\u0119\u201d<\/strong> \u2013 zwi\u0105zanym z analiz\u0105 konstrukcji i rewitalizacj\u0105 obiekt\u00f3w zabytkowych,<\/span><\/li>\n<li><span style=\"color: #000000;\"><strong>\u201eBudujemy przysz\u0142o\u015b\u0107\u201d<\/strong> \u2013 polegaj\u0105cym na poszukiwaniu i propagowaniu nowoczesnych rozwi\u0105za\u0144 w budownictwie, ze szczeg\u00f3lnym uwzgl\u0119dnieniem zasad zr\u00f3wnowa\u017conego rozwoju.<\/span><\/li>\n<\/ul>\n<p style=\"text-align: justify;\">Organizujemy regularne wyj\u015bcia na budowy oraz spotkania z ekspertami z dziedziny budownictwa. Uczestniczymy w akcjach rewitalizacyjnych i konserwatorskich. Uczestniczymy w r\u00f3\u017cnego rodzaju seminariach i konferencjach, aby poszerza\u0107 swoj\u0105 wiedz\u0119. Wierzymy, \u017ce wsp\u00f3\u0142czesne budownictwo cechuje interdyscyplinarno\u015b\u0107, dlatego ch\u0119tnie podejmujemy wsp\u00f3\u0142prac\u0119 z innymi ko\u0142ami naukowymi i organizacjami zwi\u0105zanymi z energetyk\u0105, in\u017cynieri\u0105 \u015brodowiska, urbanistyk\u0105 i architektur\u0105.<\/p>\n<p>Nasze ko\u0142o tworz\u0105 ludzie z pasj\u0105, pe\u0142ni pomys\u0142\u00f3w, gotowi do dzia\u0142ania i ch\u0119tni do dzielenia si\u0119 wiedz\u0105.<\/p>\n<p style=\"text-align: left;\">Codziennie si\u0119 rozwijamy i udoskonalamy. Oto jak zmieni\u0142o si\u0119 nasze logo:<\/p>\n<p><img loading=\"lazy\" decoding=\"async\" class=\"aligncenter wp-image-847\" src=\"http:\/\/www.knbo.il.pw.edu.pl\/wp-content\/uploads\/loga.jpg\" alt=\"\" width=\"703\" height=\"249\" srcset=\"https:\/\/www.knbo.il.pw.edu.pl\/wp-content\/uploads\/loga.jpg 791w, https:\/\/www.knbo.il.pw.edu.pl\/wp-content\/uploads\/loga-300x106.jpg 300w, https:\/\/www.knbo.il.pw.edu.pl\/wp-content\/uploads\/loga-768x272.jpg 768w\" sizes=\"(max-width: 703px) 100vw, 703px\" \/><\/p>\n<p>&nbsp;<\/p>\n","protected":false},"excerpt":{"rendered":"<p>Ko\u0142o Naukowe Budownictwa Og\u00f3lnego powsta\u0142o w 2007 roku i jest najwi\u0119kszym ko\u0142em naukowym na Wydziale In\u017cynierii L\u0105dowej Politechniki Warszawskiej. Dzia\u0142amy w szeroko poj\u0119tej dziedzinie budownictwa og\u00f3lnego. Naszym g\u0142\u00f3wnym celem jest umo\u017cliwienie studentom rozwijania swoich zainteresowa\u0144 oraz wykorzystania zdobytej na studiach wiedzy w praktyce poprzez uczestnictwo w licznych projektach naukowych. Dzia\u0142alno\u015b\u0107 Ko\u0142a jest oparta na dw\u00f3ch <a href=\"https:\/\/www.knbo.il.pw.edu.pl\/?page_id=796\"> read more <span class=\"meta-nav\">&raquo;<\/span><\/a><\/p>\n","protected":false},"author":1,"featured_media":0,"parent":0,"menu_order":0,"comment_status":"closed","ping_status":"closed","template":"","meta":{"footnotes":""},"_links":{"self":[{"href":"https:\/\/www.knbo.il.pw.edu.pl\/index.php?rest_route=\/wp\/v2\/pages\/796"}],"collection":[{"href":"https:\/\/www.knbo.il.pw.edu.pl\/index.php?rest_route=\/wp\/v2\/pages"}],"about":[{"href":"https:\/\/www.knbo.il.pw.edu.pl\/index.php?rest_route=\/wp\/v2\/types\/page"}],"author":[{"embeddable":true,"href":"https:\/\/www.knbo.il.pw.edu.pl\/index.php?rest_route=\/wp\/v2\/users\/1"}],"replies":[{"embeddable":true,"href":"https:\/\/www.knbo.il.pw.edu.pl\/index.php?rest_route=%2Fwp%2Fv2%2Fcomments&post=796"}],"version-history":[{"count":9,"href":"https:\/\/www.knbo.il.pw.edu.pl\/index.php?rest_route=\/wp\/v2\/pages\/796\/revisions"}],"predecessor-version":[{"id":853,"href":"https:\/\/www.knbo.il.pw.edu.pl\/index.php?rest_route=\/wp\/v2\/pages\/796\/revisions\/853"}],"wp:attachment":[{"href":"https:\/\/www.knbo.il.pw.edu.pl\/index.php?rest_route=%2Fwp%2Fv2%2Fmedia&parent=796"}],"curies":[{"name":"wp","href":"https:\/\/api.w.org\/{rel}","templated":true}]}}